.
3
Suppose -27 = -3*h + 39. List the prime factors of h.
2, 11
Let s = 76 + -46. What are the prime factors of s?
2, 3, 5
Suppose w + 3*c + 15 = 4*w, 4*w = -3*c + 6. Suppose -2*t - w*t + 25 = 0. List the prime factors of t.
5
Suppose 0 = 3*v - 2*v + 2*c - 157, v = 2*c + 145. List the prime factors of v.
151
Let r(x) = 4*x**2 + 7*x - 8. Let w be r(-7). Suppose 41 + w = 5*n. Suppose -4*t + 3*s = -n, t + 16 = 3*t - s. List the prime factors of t.
2, 3
Let b(q) = -4*q - 3. List the prime factors of b(-5).
17
Let x(d) = -4*d + 5. List the prime factors of x(-1).
3
Suppose b - 5*o + 5 = 0, 4*b - 3*o = 2*o + 10. Let k be 129/15 + 2/b. Suppose -n = -3*n - 5*p + k, -n = -5*p - 27. What are the prime factors of n?
2, 3
Let g(m) be the first derivative of m**4/4 + 3*m**3 - 5*m**2 - 10*m + 1. Let k be g(-10). List the prime factors of (-32)/(-20)*k/(-4).
2
Let s be 7 + (3 - (-1 - -5)). Suppose 2*d - 12 = s. What are the prime factors of (3 - (-6)/d)*3?
11
Suppose -a + 0 + 2 = 0. Suppose -i = -4, -d + a*i = i. List the prime factors of d/2*18/4.
3
Suppose -2*d = 2*x - 66, 0 = 2*d + 5*x - 12 - 63. List the prime factors of d.
2, 3, 5
Let g be (16/10)/((-6)/(-30)). Suppose 2*m - 2 = g. List the prime factors of m.
5
Let s(p) = -p**3 - p**2 - p. Let k(f) = 5*f**3 + 7*f**2 + 4*f - 4. Let h(x) = -k(x) - 4*s(x). List the prime factors of h(-3).
2
Let q be ((-12)/(-8))/((-6)/(-8)). Let b(r) = 1 - 2 - r + 0*r**q + r**3 - 2*r**2. What are the prime factors of b(3)?
5
Suppose 5*t - 4*l - 199 = 44, -5*l + 219 = 4*t. List the prime factors of t.
3, 17
What are the prime factors of 6/(-12) + (-225)/(-6)?
37
Let a be 6/(-4)*24/(-18). Let l = a - -1. What are the prime factors of l?
3
Let y = 8 - 5. Suppose 0 = -2*o - y*n - 1, -4*n + 0 = o + 13. List the prime factors of o.
7
Let j(y) = y**3 - y**2 - 3*y - 4. Let u be j(3). Suppose 17 = 2*p - u. List the prime factors of p.
11
Let b = -44 - -108. Let f = 42 - b. Let l = -10 - f. List the prime factors of l.
2, 3
Suppose -j + 0*j - h = 0, -3*j - 5*h = 0. Suppose -2*m - 2*m + 12 = j. What are the prime factors of m?
3
Suppose 0 = -0*o + 3*o - 9. Suppose -k = 3*u - 0 - 3, -3*u - 3*k = -3. What are the prime factors of u/o + 46/6?
2
What are the prime factors of (2 - (2 + 2)) + 93?
7, 13
Suppose 5*m - 204 = -t, 4*m - t = -4*t + 172. What are the prime factors of m/18 - 6/27?
2
Suppose -36 = 2*n - 3*d, -32 = 4*n - 2*d + 6*d. List the prime factors of 2/(-3)*54/n.
3
Suppose -4*b = 3*d - d - 182, 3*d + 4*b - 279 = 0. Suppose -15 = -k + 6*k, 2*y + k - d = 0. What are the prime factors of y?
2, 5
Let b be (50/15)/((-6)/(-9)). Suppose -b*g + 55 = -90. List the prime factors of g.
29
List the prime factors of ((-7)/(-2))/((-5)/(-140)).
2, 7
Suppose -q + 5*y + 277 = 0, 2*y = -9*q + 4*q + 1250. List the prime factors of q.
2, 3, 7
Let r(c) be the third derivative of 1/120*c**6 + 0*c + 0 - 7/60*c**5 - 4*c**2 - 5/3*c**3 - 5/24*c**4. List the prime factors of r(8).
2, 7
Let r(k) = 5*k. Let b be (-2)/(2/(-3)*-1). Let w be (4/6)/((-2)/b). What are the prime factors of r(w)?
5
Let i = 1 - -30. List the prime factors of i.
31
What are the prime factors of 1/(16/14 + -1)?
7
Suppose -331 = -114*q + 113*q. List the prime factors of q.
331
Let z = 2 - -4. Let c be (6/9)/(1/z). What are the prime factors of 18/(c/(8/3))?
2, 3
Let t be (-2)/(-4)*0/(-7). Suppose -2*c - 2*c - 3*m = -5, 5*c - m - 30 = t. Suppose -c*n + 76 = 4*y, 4*n - 67 = 3*y - 0*y. What are the prime factors of n?
2
Let m(o) = 17*o**2 + 2*o - 1. List the prime factors of m(-2).
3, 7
Suppose 10*y = 5*y - 85. Let a = 30 + y. List the prime factors of a.
13
Let x be ((-80)/(-25))/((-2)/15). Let s = x + 56. What are the prime factors of s?
2
Suppose 4*l = -4*t + 16, 0*t - 3*t + 12 = -l. Suppose -b - 2*b + s + 182 = l, 3*s - 294 = -5*b. List the prime factors of b.
2, 3, 5
Let w(h) = 13*h**3 + h**2 - 1. Let j be w(1). Suppose -2*o = -j + 5. List the prime factors of o.
2
Suppose -2*s = s - 90. What are the prime factors of s?
2, 3, 5
Suppose -2*k = 2*k. Suppose k = 3*j + 17 + 4. Let g(q) = -q - 2. List the prime factors of g(j).
5
Suppose -50 = -o - 5*f, 3*o - 145 = 2*f - 29. List the prime factors of o.
2, 5
Let k = 3 - -32. List the prime factors of k.
5, 7
Suppose -8*l + 16 = -4*l. Suppose -153 = -l*a + a. What are the prime factors of a?
3, 17
Let r(q) be the third derivative of q**6/120 - q**5/30 - 2*q**2. Let z be r(3). Suppose -21 - z = -3*p. What are the prime factors of p?
2, 5
Suppose 3*p - 2*p - 5*v = 10, -3*p + 4*v = -74. Suppose 2*w + w = p. What are the prime factors of ((-36)/15)/((-2)/w)?
2, 3
Let h = -4 + 6. Suppose h*f = -0 + 4. What are the prime factors of f?
2
Let t(i) = -4*i**2 - 1 + 10*i - 13*i + 3*i**3 - 6*i**3. What are the prime factors of t(-2)?
13
Let n be (-150)/(-18) + 2/3. Suppose -4*k - 33 = -2*o - o, n = -3*k - 3*o. What are the prime factors of (2/k)/(1/(-6))?
2
Let u(a) = -2*a**3 - 15*a**2 + 1. List the prime factors of u(-8).
5, 13
Suppose -120 = -2*q + 3*o, 5*o = -5*q + 173 + 152. Let y = q + -20. What are the prime factors of y?
43
Suppose 4*u - 49 = 83. List the prime factors of u.
3, 11
Suppose 3*u + 0*u = -12. Let t(v) = -6*v - 5. List the prime factors of t(u).
19
Let u(n) be the second derivative of -n - 1/12*n**4 - n**2 + 0 + 5/6*n**3. List the prime factors of u(3).
2
Suppose 8*l + 5*k + 5 = 3*l, 0 = -l + 5*k + 17. Suppose -l*o - 4 = -12. Let n(y) = 2*y + 4. List the prime factors of n(o).
2, 3
Let r(u) = -2*u**3 - 6*u**2 - 3*u - 8. Let s(m) = -3*m**3 - 12*m**2 - 7*m - 15. Let c(y) = 5*r(y) - 3*s(y). List the prime factors of c(6).
41
Let q(p) = p**2 + p. Let t be q(-2). What are the prime factors of (-1)/((-51)/24 + t)?
2
Let b(q) = -q - 56. Let h be b(0). Let n = h + 89. What are the prime factors of n?
3, 11
What are the prime factors of (6/8)/((-6)/(-1536))?
2, 3
Suppose -2*q + 6 - 2 = 2*g, -4*g + 4 = 3*q. Suppose 0 = -q*r + 3*r + 5. Let k = r - 0. List the prime factors of k.
5
Let r = 22 - 18. Suppose -r*v - 13 = -45. List the prime factors of v.
2
Suppose -7*w + 6 = -4*w. Suppose 6*v = w*v. Suppose -5*l - 5*c + 45 + 30 = v, -33 = -2*l - 3*c. What are the prime factors of l?
2, 3
Suppose -6*n = -7*n + 50. List the prime factors of n.
2, 5
Let j be (12/(-8))/(1/(-2)). Suppose 44 = r - 4*c, -r - 3*c = 2*r - 132. Suppose -r = -j*p - p. What are the prime factors of p?
11
Suppose 0*c + 5*b = -4*c + 475, 4*c = -3*b + 469. List the prime factors of c.
5, 23
Let u be (2 - 0)/(2/3). Suppose -u*k + 5*k = -5*z + 22, 4*z - 40 = -3*k. What are the prime factors of 228/k - (-1)/(-4)?
2, 7
Let y(l) = l**3 + 6*l**2 - 8*l - 4. Let h = -1 - 6. List the prime factors of y(h).
3
Let n be (-1)/4 - 14/8. Let k(g) be the first derivative of -g**4/4 - g**2 - 2*g - 2. What are the prime factors of k(n)?
2, 5
Let d(k) = -4*k + k - k**2 - k**3 - 2*k - 7 + 9*k**2. What are the prime factors of d(7)?
7
Suppose p + z + 3*z - 22 = 0, -z - 3 = -4*p. Suppose -10 + 26 = p*j. List the prime factors of j.
2
Suppose 2*b - 4 = -0. Suppose b*o = 6*o - 108. List the prime factors of o.
3
Suppose -2*l = -l. Suppose -10 + l = -5*b. List the prime factors of b.
2
Let q be (1/2)/(1/6). Suppose 0*b - q*a = 3*b, -5*b = a - 12. List the prime factors of ((-15)/4)/(b/(-8)).
2, 5
Let w(q) = 2*q**2 - 6*q + 8. What are the prime factors of w(3)?
2
Suppose -v + 2*v = 5. Suppose v*t + 5*u = 60, 4*t - 8*u = -3*u + 57. Suppose t = 2*k - 1. List the prime factors of k.
7
What are the prime factors of (-1 - 42/(-30))*830?
2, 83
Let l(k) = -11*k + 1. Let u(q) = -q + 1. Let d be u(2). List the prime factors of l(d).
2, 3
Let c = 38 - -23. List the prime factors of c.
61
Suppose -4*l + h + 3*h + 336 = 0, 5*h - 196 = -2*l. List the prime factors of l.
2, 11
Suppose 75 = -3*h - 2*h. What are the prime factors of ((-5)/h)/((-1)/(-6))?
2
Let b(x) = 4*x + 5*x**2 + 1 - 6 - 2*x**2 - 2*x**2. Let c be b(-5). Suppose c = -3*j - 3, 0*s - j + 54 = 5*s. What are the prime factors of s?
11
Suppose 2*g = 4*k - 26, 0*k + 5*k = -5*g + 70. Suppose -4*a = -a - k. List the prime factors of a.
3
Suppose -4*c + 0*p + 4*p + 220 = 0, 3*p = -3*c + 171. What are the prime factors of ((-6)/(-7))/(4/c)?
2, 3
Suppose d = -2*d + 30. What are the prime factors of d?
2, 5
Suppose -4 = 5*u - 24. List the prime factors o